d = -x + 11, -5*x - 4*d = -2*d - 78. Is 16 a factor of x?
True
Suppose -1 = -5*g + 39. Let p = -7 - -2. Let z = g + p. Is z a multiple of 2?
False
Let o = -3 - -7. Suppose 4*t + 16 = 0, 3*q + o*t - 8 - 3 = 0. Does 9 divide q?
True
Is 2 a factor of (-7)/((-4)/(40/2))?
False
Let v = -7 - -12. Suppose -5*t = v*y - 95, 0*y + 4*y + 50 = 2*t. Is t a multiple of 21?
True
Let d = -4 - -40. Is d a multiple of 18?
True
Let n(g) = g**2 - 4*g + 12. Is 8 a factor of n(6)?
True
Suppose 5*v - 378 + 18 = 0. Is 22 a factor of v?
False
Suppose -4*o - 11 = 3*n - 0*n, -7 = 3*o + 2*n. Is (8 + -1)/(2 - o) a multiple of 4?
False
Suppose -247 = -4*i + 137. Does 8 divide i?
True
Suppose 5*h - 18 = -2*v + 20, 0 = -3*h + 2*v + 26. Let c = -2 + h. Does 3 divide c?
True
Let j(m) = 26*m**2 + m. Let x be j(1). Suppose 40 = 5*v - 6*z + 5*z, 0 = v - 4*z - x. Suppose p + 1 = v. Is p a multiple of 3?
True
Suppose 5*l = 3 + 2. Is 2/(8/220) - l a multiple of 18?
True
Let t = 5 + -1. Is 19 a factor of (156/(t + 0))/1?
False
Let l be 3/((-9)/93)*1. Let c = l - -44. Is 13 a factor of c?
True
Let a = -10 - -7. Is 2 a factor of ((-8)/12)/(a/27)?
True
Suppose -3*m + 126 = -144. Does 19 divide m?
False
Let v(s) = s + 3. Let x be -1 + (10 - (-1 + 2)). Suppose x = 2*w - 2. Is 8 a factor of v(w)?
True
Let p(d) = 4*d**2 + 2*d + 5. Is p(-3) a multiple of 18?
False
Suppose -2*l + 558 = 4*f, f + 2*l - 142 = l. Is 20 a factor of f?
False
Let g(u) = u**2 - 6*u - 11. Does 27 divide g(-8)?
False
Let h = 5 - 7. Let x be 3 + h + 4 - 1. Suppose -x*s - w = -105, -2*w = -s + w + 36. Does 9 divide s?
True
Let x = 187 + -112. Is x a multiple of 4?
False
Let s(t) = -5*t**2 - 8 + 3*t**2 + 4*t + 3*t**2. Let h be s(-6). Is 3 a factor of 11/4 + 1/h?
True
Does 8 divide 1*((-88)/(-4) - -2)?
True
Let n = -2 + 26. Does 24 divide n?
True
Suppose -c - 36 = -4*c. Suppose -l = 4*h + 16, 0*h - 3*h = 5*l + c. Suppose l = -10*z + 5*z + 40. Does 5 divide z?
False
Is 27/(-9) + (0 + 1 - -91) a multiple of 23?
False
Let j = 5 - -3. Suppose 7 = b - j. Is 15 a factor of b?
True
Let k(c) = -3*c + 3. Let x be k(-8). Suppose 33 = -2*y + 9. Let s = x + y. Is s a multiple of 7?
False
Let l(c) = c**3 + 6 - 3*c + 2*c - 5 - 4*c**2. Does 7 divide l(5)?
True
Let h(c) = c - 1. Let t be h(3). Suppose -4*p + 82 = -t*p. Is 13 a factor of p?
False
Let y(i) = i**2 + 7*i. Suppose 2*m + 4*r = -8, -4*m - 12 = -m - 3*r. Let k(h) = -2*h**2 - 5*h + 4. Let n be k(m). Is 8 a factor of y(n)?
True
Let r = -54 - -61. Does 7 divide r?
True
Let k be (-2)/(((-12)/(-177))/(-2)). Let w = -36 + k. Is w a multiple of 6?
False
Suppose 30 = 8*f - 2*f. Suppose 4*p - 12 = -3*i, -4*i = -i - p + 3. Suppose m + f*t + 0 - 3 = i, 3*t - 13 = -m. Does 14 divide m?
True
Is 13 a factor of (-2)/(-12) - (-616)/48?
True
Suppose -2*w + t = 6, 0 = -2*w + 2*t - 3 - 1. Let s = w + 22. Is s a multiple of 10?
False
Suppose 0 = 3*l - 379 - 65. Suppose -5*d - 2*p + l - 38 = 0, -2*d - p + 45 = 0. Does 20 divide d?
True
Let u(q) = 83*q - 1. Let s be u(1). Let g be 4*(-2)/10*-5. Suppose o + g = d - 18, 2*o = 4*d - s. Does 9 divide d?
False
Let d be (7 - 0) + 0/(-3). Suppose d*r = 2*r + 15. Suppose 2*g - r*g + 12 = 0. Does 12 divide g?
True
Suppose -34 = -3*p + 4*s, 2*p + s - 29 = -p. Let a = 14 - p. Suppose a*z + 40 = 7*i - 2*i, -2*i + 3*z + 23 = 0. Is i a multiple of 2?
True
Suppose q + 4 = 6. Suppose 4*u = r - q, 3*r - 14 = 2*u + 22. Does 7 divide r?
True
Let a = 9 - 6. Let l(m) = m**3 - m + 3. Is 7 a factor of l(a)?
False
Let k(s) be the third derivative of -s**4/24 - s**3 + 2*s**2. Let p be k(-7). Is (6 - 4)*p*18 a multiple of 12?
True
Let z(s) = s**3 - 4*s**2 + 5*s - 2. Let a be z(3). Let p(o) = 7*o**2 - 3*o**3 + 4*o**3 + 5*o - 2 - 4*o**3 + a*o**3. Is 4 a factor of p(-6)?
True
Suppose -2*w - 6*n + 2*n = -424, -2*w + 406 = -5*n. Is 16 a factor of w?
True
Let z = -30 + 50. Is 14 a factor of z?
False
Suppose -6*b + b = -25, 5*i - 5*b = -5. Suppose -i*o = o - 25. Suppose 5*u - 30 = -o*m, u + 5*m - 6*m = 6. Is 6 a factor of u?
True
Suppose 231 = 13*z - 120. Is z a multiple of 5?
False
Suppose 4*f + 7*k - 26 = 2*k, 5*k - 10 = 0. Suppose 9*u - f*u - 5*t - 55 = 0, u = 5*t + 27. Is 7 a factor of u?
True
Suppose -g + 7*g - 24 = 0. Suppose 6*l - 3*l = -g*n + 44, -5*n + 50 = 5*l. Does 7 divide n?
True
Let x(m) = -10*m**2 + 2*m - 12. Let u be x(3). Let h = 132 - 190. Let c = h - u. Does 19 divide c?
True
Suppose 9*v = 6*v + 105. Is v a multiple of 7?
True
Suppose -5*n + 5*o = -150, -5*n + 2*o + 12 + 144 = 0. Suppose 2*h - n = -s - 6, 2*h + 144 = 4*s. Is 17 a factor of s?
True
Let m = -14 - -80. Is m a multiple of 16?
False
Suppose 0 = 3*q - 4*b - 2338, q - 2*b = -0*b + 782. Let i be q/14 + (-6)/21. Let p = i + -31. Does 12 divide p?
True
Suppose 75 = 4*i - 13. Is i even?
True
Let a(h) be the first derivative of -h**4/4 - 5*h**3/3 - h**2/2 + h + 3. Suppose 20 + 0 = -4*f. Is 3 a factor of a(f)?
True
Let v = 8 - -3. Let y = v - 3. Does 8 divide y?
True
Let a(m) = m**2 - 10*m + 5. Let s be a(7). Is 4 a factor of (s/6)/(6/(-18))?
True
Suppose 0 = -2*n + f + 439, -3*n + f + 678 = 6*f. Is 12 a factor of n?
False
Let f = -2 - -6. Suppose -2*w - 40 = -f*w. Is 10 a factor of w?
True
Suppose 3*b + 110 = 2*m, 2*m + 237 = 7*m + 2*b. Suppose -v + 62 = 2*f, -4*f + 4*v = -3*f - m. Does 11 divide f?
True
Let x(b) = 5*b**3 - 2*b**2 + 3*b + 5. Let j(m) = 4*m**3 - m**2 + 4*m + 4. Let s(p) = -6*j(p) + 5*x(p). Let y = 3 + 3. Does 6 divide s(y)?
False
Let c = 18 - 15. Is (-71)/(((-12)/c)/4) a multiple of 19?
False
Let x(j) = 2 - 4*j - 4 - 4*j. Let w(b) = b**3 - 3*b**2 - b + 2. Let g be w(2). Is x(g) a multiple of 13?
False
Suppose 2*w + 4*d - 162 = 0, 2*w - 134 = 7*d - 4*d. Let l = -31 + w. Is 11 a factor of l?
False
Is 1232/35 + 1/(-5) a multiple of 5?
True
Let d(b) = 18*b**2 - b. Suppose -28 = -i - w - 4*w, 0 = 2*i + 5*w - 31. Let c be (-2)/i*12/8. Does 12 divide d(c)?
False
Let k = -11 - -37. Let w = k + -9. Is 17 a factor of w?
True
Let o(q) = -q - 2. Let z be o(-5). Let i(u) = 15*u + 1. Let n be i(z). Suppose -2*j - n = -4*l, 8*j - 3*j = -3*l + 15. Is 8 a factor of l?
False
Suppose 14*p + 1335 = 19*p. Does 10 divide p?
False
Let a(p) = p - 11. Let u be a(10). Does 15 divide (-31)/u - (-1 + -2)?
False
Does 5 divide (1/3)/(9/405)?
True
Does 51 divide 0 + -1 - (3 - 106)?
True
Let b(y) = 6*y**2 + y + 3. Let n = -15 - -12. Does 18 divide b(n)?
True
Let h(c) = c**3 - c**2 - 5*c - 3. Does 16 divide h(5)?
False
Let g(b) be the third derivative of -b**6/120 - b**5/60 + 19*b**3/6 + 3*b**2. Does 19 divide g(0)?
True
Let k = -18 + 25. Let i = k + -15. Let f(y) = -y**3 - 7*y**2 + 6*y - 4. Is 12 a factor of f(i)?
True
Suppose -2*h = 4*m - 146, 5*h - 2*m = 306 + 11. Let s be h*1 + (-7 - -9). Is 3/(-6) - s/(-2) a multiple of 9?
False
Suppose -2*u - 3*u = 50. Suppose -k + 0*q = q + 13, -4*k + q = 27. Is 4 a factor of k/u*(4 + 1)?
True
Let d(m) = m**3 + 8*m**2 + 9*m + 8. Suppose -3*c + 2*c = 0. Suppose 5*o = -c - 30. Does 13 divide d(o)?
True
Let j = -17 + 45. Is 7 a factor of j?
True
Let j = -7 + 15. Suppose 0*d + j = 4*d. Suppose 38 = 4*x + d. Does 4 divide x?
False
Let f be (-2)/10 + 63/15. Let a(v) = 3*v**3 + 10*v**2 + 6*v - 12. Let p(g) = 2*g**3 + 5*g**2 + 3*g - 6. Let x(d) = 3*a(d) - 5*p(d). Is 11 a factor of x(f)?
True
Suppose 5*x + 21 + 26 = 3*h, 16 = h - 2*x. Does 4 divide h?
False
Suppose 2*u - 20 = 124. Is 18 a factor of u?
True
Let a(f) = -f**3 - 5*f**2 + 6*f + 3. Let w = 2 - 8. Let j be a(w). Let g = 25 + j. Does 14 divide g?
True
Let n be -4*((-6)/4 - -1). Suppose 0*a + 2*a + 6 = 0, -167 = -n*j + 5*a. Suppose -5*l - 4*s - 13 = -j, -33 = -2*l + s. Is 15 a factor of l?
True
Let s(y) = -y + 65. Is s(0) a multiple of 13?
True
Does 18 divide (24/32)/((-1)/(-240))?
True
Suppose -m + 5*m = 4*t - 1044, -2*m = -t + 259. Is 44 a factor of t?
False
Let v(j) = j**2 - 1. Let w be v(1). Let r be w + -1 + 15 - 2. Suppose 3*d + r = 42. Does 10 divide d?
True
Let s = 37 + 59. Is 12 a factor of s?
True
Let q be ((-2)/1 - -3) + -1. Suppose 5*n - 7 - 13 = q. Is 6 a factor of n/(-3)*18/(-4)?
True
Suppose 8 = w - 16. Does 8 divide w?
True
Suppose 0 = 3*b - 3*r + 2*r - 11, -4*r - 5 = b. Suppose 4*h - 5*h = -b*m + 11, 4*m = 4*h + 20. Does 11 divide 2 - 20*(h + 1)?
True
Let j(y) = -y + 22. Let s(m) = m**2 + 3*m - 1. Let d be s(-4). Su